{"id":1688,"date":"2025-03-08T14:11:37","date_gmt":"2025-03-08T14:11:37","guid":{"rendered":"https:\/\/apresentacaocontentmkt.com.br\/fieldstranslations\/minha-conta-2\/"},"modified":"2025-04-14T10:36:53","modified_gmt":"2025-04-14T10:36:53","slug":"minha-conta","status":"publish","type":"page","link":"https:\/\/apresentacaocontentmkt.com.br\/fieldstranslations\/minha-conta\/","title":{"rendered":"Minha Conta (ID: 1688)"},"content":{"rendered":"\t\t<div data-elementor-type=\"wp-page\" data-elementor-id=\"1688\" class=\"elementor elementor-1688\" data-elementor-post-type=\"page\">\n\t\t\t\t<div class=\"elementor-element elementor-element-3c80d07 e-flex e-con-boxed e-con e-parent\" data-id=\"3c80d07\" data-element_type=\"container\" data-settings=\"{&quot;background_background&quot;:&quot;classic&quot;}\">\n\t\t\t\t\t<div class=\"e-con-inner\">\n\t\t\t\t\t<\/div>\n\t\t\t\t<\/div>\n\t\t<div class=\"elementor-element elementor-element-297a056a e-flex e-con-boxed e-con e-parent\" data-id=\"297a056a\" data-element_type=\"container\">\n\t\t\t\t\t<div class=\"e-con-inner\">\n\t\t\t\t<div class=\"elementor-element elementor-element-20d4fa6 elementor-hidden-desktop elementor-hidden-tablet elementor-hidden-mobile elementor-widget elementor-widget-text-editor\" data-id=\"20d4fa6\" data-element_type=\"widget\" data-widget_type=\"text-editor.default\">\n\t\t\t\t<div class=\"elementor-widget-container\">\n\t\t\t\t\t\t\t\t\t<div class=\"woocommerce\"><\/div><p><!-- \/wp:shortcode --><\/p>\t\t\t\t\t\t\t\t<\/div>\n\t\t\t\t<\/div>\n\t\t\t\t<div class=\"elementor-element elementor-element-b04d095 e-my-account-tabs-vertical elementor-widget elementor-widget-woocommerce-my-account\" data-id=\"b04d095\" data-element_type=\"widget\" data-widget_type=\"woocommerce-my-account.default\">\n\t\t\t\t<div class=\"elementor-widget-container\">\n\t\t\t\t\t<div class=\"e-my-account-tab e-my-account-tab__ \">\t\t\t<div class=\"woocommerce\"><\/div>\t\t<\/div>\n\t\t\t\t\t\t<\/div>\n\t\t\t\t<\/div>\n\t\t\t\t<div class=\"elementor-element elementor-element-84241e2 elementor-align-left elementor-widget elementor-widget-button\" data-id=\"84241e2\" data-element_type=\"widget\" data-widget_type=\"button.default\">\n\t\t\t\t<div class=\"elementor-widget-container\">\n\t\t\t\t\t\t\t\t\t<div class=\"elementor-button-wrapper\">\n\t\t\t\t\t<a class=\"elementor-button elementor-button-link elementor-size-sm elementor-animation-float\" href=\"https:\/\/api.whatsapp.com\/send?phone=12025002549&#038;text=Hello%2C%20I%20would%20like%20to%20speak%20with%20support.\" target=\"_blank\">\n\t\t\t\t\t\t<span class=\"elementor-button-content-wrapper\">\n\t\t\t\t\t\t<span class=\"elementor-button-icon\">\n\t\t\t\t<svg aria-hidden=\"true\" class=\"e-font-icon-svg e-fas-angle-right\" viewBox=\"0 0 256 512\" xmlns=\"http:\/\/www.w3.org\/2000\/svg\"><path d=\"M224.3 273l-136 136c-9.4 9.4-24.6 9.4-33.9 0l-22.6-22.6c-9.4-9.4-9.4-24.6 0-33.9l96.4-96.4-96.4-96.4c-9.4-9.4-9.4-24.6 0-33.9L54.3 103c9.4-9.4 24.6-9.4 33.9 0l136 136c9.5 9.4 9.5 24.6.1 34z\"><\/path><\/svg>\t\t\t<\/span>\n\t\t\t\t\t\t\t\t\t<span class=\"elementor-button-text\">Fale com nosso suporte<\/span>\n\t\t\t\t\t<\/span>\n\t\t\t\t\t<\/a>\n\t\t\t\t<\/div>\n\t\t\t\t\t\t\t\t<\/div>\n\t\t\t\t<\/div>\n\t\t\t\t\t<\/div>\n\t\t\t\t<\/div>\n\t\t\t\t<\/div>\n\t\t","protected":false},"excerpt":{"rendered":"<p>Dashboard Pedidos Downloads Endere\u00e7os M\u00e9todos de pagamento Detalhes da conta Sair Ol\u00e1, admin (n\u00e3o \u00e9 admin? Sair) A partir do painel de controle de sua conta, voc\u00ea pode ver suas compras recentes, gerenciar seus endere\u00e7os de entrega e cobran\u00e7a, e editar sua senha e detalhes da conta. Fale com nosso suporte<\/p>\n","protected":false},"author":1,"featured_media":0,"parent":0,"menu_order":0,"comment_status":"closed","ping_status":"closed","template":"elementor_header_footer","meta":{"_acf_changed":false,"_joinchat":[],"footnotes":""},"class_list":["post-1688","page","type-page","status-publish","hentry"],"yoast_head":"<!-- This site is optimized with the Yoast SEO plugin v24.8.1 - https:\/\/yoast.com\/wordpress\/plugins\/seo\/ -->\n<title>Minha Conta (ID: 1688) - Fields Translations<\/title>\n<meta name=\"robots\" content=\"noindex, follow, max-snippet:-1, max-image-preview:large, max-video-preview:-1\" \/>\n<meta property=\"og:locale\" content=\"pt_BR\" \/>\n<meta property=\"og:type\" content=\"article\" \/>\n<meta property=\"og:title\" content=\"Minha Conta (ID: 1688) - Fields Translations\" \/>\n<meta property=\"og:description\" content=\"Dashboard Pedidos Downloads Endere\u00e7os M\u00e9todos de pagamento Detalhes da conta Sair Ol\u00e1, admin (n\u00e3o \u00e9 admin? Sair) A partir do painel de controle de sua conta, voc\u00ea pode ver suas compras recentes, gerenciar seus endere\u00e7os de entrega e cobran\u00e7a, e editar sua senha e detalhes da conta. Fale com nosso suporte\" \/>\n<meta property=\"og:url\" content=\"https:\/\/apresentacaocontentmkt.com.br\/fieldstranslations\/minha-conta\/\" \/>\n<meta property=\"og:site_name\" content=\"Fields Translations\" \/>\n<meta property=\"article:modified_time\" content=\"2025-04-14T10:36:53+00:00\" \/>\n<meta name=\"twitter:card\" content=\"summary_large_image\" \/>\n<meta name=\"twitter:label1\" content=\"Est. tempo de leitura\" \/>\n\t<meta name=\"twitter:data1\" content=\"2 minutos\" \/>\n<script type=\"application\/ld+json\" class=\"yoast-schema-graph\">{\"@context\":\"https:\/\/schema.org\",\"@graph\":[{\"@type\":\"WebPage\",\"@id\":\"https:\/\/apresentacaocontentmkt.com.br\/fieldstranslations\/minha-conta\/\",\"url\":\"https:\/\/apresentacaocontentmkt.com.br\/fieldstranslations\/minha-conta\/\",\"name\":\"Minha Conta (ID: 1688) - Fields Translations\",\"isPartOf\":{\"@id\":\"https:\/\/apresentacaocontentmkt.com.br\/fieldstranslations\/#website\"},\"datePublished\":\"2025-03-08T14:11:37+00:00\",\"dateModified\":\"2025-04-14T10:36:53+00:00\",\"breadcrumb\":{\"@id\":\"https:\/\/apresentacaocontentmkt.com.br\/fieldstranslations\/minha-conta\/#breadcrumb\"},\"inLanguage\":\"pt-BR\",\"potentialAction\":[{\"@type\":\"ReadAction\",\"target\":[\"https:\/\/apresentacaocontentmkt.com.br\/fieldstranslations\/minha-conta\/\"]}]},{\"@type\":\"BreadcrumbList\",\"@id\":\"https:\/\/apresentacaocontentmkt.com.br\/fieldstranslations\/minha-conta\/#breadcrumb\",\"itemListElement\":[{\"@type\":\"ListItem\",\"position\":1,\"name\":\"In\u00edcio\",\"item\":\"https:\/\/apresentacaocontentmkt.com.br\/fieldstranslations\/\"},{\"@type\":\"ListItem\",\"position\":2,\"name\":\"Minha Conta (ID: 1688)\"}]},{\"@type\":\"WebSite\",\"@id\":\"https:\/\/apresentacaocontentmkt.com.br\/fieldstranslations\/#website\",\"url\":\"https:\/\/apresentacaocontentmkt.com.br\/fieldstranslations\/\",\"name\":\"Fields Translations\",\"description\":\"Tradu\u00e7\u00f5es r\u00e1pidas e precisas para quem busca estudar, migrar ou atuar nos EUA.\",\"publisher\":{\"@id\":\"https:\/\/apresentacaocontentmkt.com.br\/fieldstranslations\/#organization\"},\"potentialAction\":[{\"@type\":\"SearchAction\",\"target\":{\"@type\":\"EntryPoint\",\"urlTemplate\":\"https:\/\/apresentacaocontentmkt.com.br\/fieldstranslations\/?s={search_term_string}\"},\"query-input\":{\"@type\":\"PropertyValueSpecification\",\"valueRequired\":true,\"valueName\":\"search_term_string\"}}],\"inLanguage\":\"pt-BR\"},{\"@type\":\"Organization\",\"@id\":\"https:\/\/apresentacaocontentmkt.com.br\/fieldstranslations\/#organization\",\"name\":\"Fields Translations\",\"url\":\"https:\/\/apresentacaocontentmkt.com.br\/fieldstranslations\/\",\"logo\":{\"@type\":\"ImageObject\",\"inLanguage\":\"pt-BR\",\"@id\":\"https:\/\/apresentacaocontentmkt.com.br\/fieldstranslations\/#\/schema\/logo\/image\/\",\"url\":\"https:\/\/apresentacaocontentmkt.com.br\/fieldstranslations\/wp-content\/uploads\/2025\/01\/Design-sem-nome-5.png\",\"contentUrl\":\"https:\/\/apresentacaocontentmkt.com.br\/fieldstranslations\/wp-content\/uploads\/2025\/01\/Design-sem-nome-5.png\",\"width\":1080,\"height\":1080,\"caption\":\"Fields Translations\"},\"image\":{\"@id\":\"https:\/\/apresentacaocontentmkt.com.br\/fieldstranslations\/#\/schema\/logo\/image\/\"}}]}<\/script>\n<!-- \/ Yoast SEO plugin. -->","yoast_head_json":{"title":"Minha Conta (ID: 1688) - Fields Translations","robots":{"index":"noindex","follow":"follow","max-snippet":"max-snippet:-1","max-image-preview":"max-image-preview:large","max-video-preview":"max-video-preview:-1"},"og_locale":"pt_BR","og_type":"article","og_title":"Minha Conta (ID: 1688) - Fields Translations","og_description":"Dashboard Pedidos Downloads Endere\u00e7os M\u00e9todos de pagamento Detalhes da conta Sair Ol\u00e1, admin (n\u00e3o \u00e9 admin? Sair) A partir do painel de controle de sua conta, voc\u00ea pode ver suas compras recentes, gerenciar seus endere\u00e7os de entrega e cobran\u00e7a, e editar sua senha e detalhes da conta. Fale com nosso suporte","og_url":"https:\/\/apresentacaocontentmkt.com.br\/fieldstranslations\/minha-conta\/","og_site_name":"Fields Translations","article_modified_time":"2025-04-14T10:36:53+00:00","twitter_card":"summary_large_image","twitter_misc":{"Est. tempo de leitura":"2 minutos"},"schema":{"@context":"https:\/\/schema.org","@graph":[{"@type":"WebPage","@id":"https:\/\/apresentacaocontentmkt.com.br\/fieldstranslations\/minha-conta\/","url":"https:\/\/apresentacaocontentmkt.com.br\/fieldstranslations\/minha-conta\/","name":"Minha Conta (ID: 1688) - Fields Translations","isPartOf":{"@id":"https:\/\/apresentacaocontentmkt.com.br\/fieldstranslations\/#website"},"datePublished":"2025-03-08T14:11:37+00:00","dateModified":"2025-04-14T10:36:53+00:00","breadcrumb":{"@id":"https:\/\/apresentacaocontentmkt.com.br\/fieldstranslations\/minha-conta\/#breadcrumb"},"inLanguage":"pt-BR","potentialAction":[{"@type":"ReadAction","target":["https:\/\/apresentacaocontentmkt.com.br\/fieldstranslations\/minha-conta\/"]}]},{"@type":"BreadcrumbList","@id":"https:\/\/apresentacaocontentmkt.com.br\/fieldstranslations\/minha-conta\/#breadcrumb","itemListElement":[{"@type":"ListItem","position":1,"name":"In\u00edcio","item":"https:\/\/apresentacaocontentmkt.com.br\/fieldstranslations\/"},{"@type":"ListItem","position":2,"name":"Minha Conta (ID: 1688)"}]},{"@type":"WebSite","@id":"https:\/\/apresentacaocontentmkt.com.br\/fieldstranslations\/#website","url":"https:\/\/apresentacaocontentmkt.com.br\/fieldstranslations\/","name":"Fields Translations","description":"Tradu\u00e7\u00f5es r\u00e1pidas e precisas para quem busca estudar, migrar ou atuar nos EUA.","publisher":{"@id":"https:\/\/apresentacaocontentmkt.com.br\/fieldstranslations\/#organization"},"potentialAction":[{"@type":"SearchAction","target":{"@type":"EntryPoint","urlTemplate":"https:\/\/apresentacaocontentmkt.com.br\/fieldstranslations\/?s={search_term_string}"},"query-input":{"@type":"PropertyValueSpecification","valueRequired":true,"valueName":"search_term_string"}}],"inLanguage":"pt-BR"},{"@type":"Organization","@id":"https:\/\/apresentacaocontentmkt.com.br\/fieldstranslations\/#organization","name":"Fields Translations","url":"https:\/\/apresentacaocontentmkt.com.br\/fieldstranslations\/","logo":{"@type":"ImageObject","inLanguage":"pt-BR","@id":"https:\/\/apresentacaocontentmkt.com.br\/fieldstranslations\/#\/schema\/logo\/image\/","url":"https:\/\/apresentacaocontentmkt.com.br\/fieldstranslations\/wp-content\/uploads\/2025\/01\/Design-sem-nome-5.png","contentUrl":"https:\/\/apresentacaocontentmkt.com.br\/fieldstranslations\/wp-content\/uploads\/2025\/01\/Design-sem-nome-5.png","width":1080,"height":1080,"caption":"Fields Translations"},"image":{"@id":"https:\/\/apresentacaocontentmkt.com.br\/fieldstranslations\/#\/schema\/logo\/image\/"}}]}},"acf":[],"_links":{"self":[{"href":"https:\/\/apresentacaocontentmkt.com.br\/fieldstranslations\/wp-json\/wp\/v2\/pages\/1688","targetHints":{"allow":["GET"]}}],"collection":[{"href":"https:\/\/apresentacaocontentmkt.com.br\/fieldstranslations\/wp-json\/wp\/v2\/pages"}],"about":[{"href":"https:\/\/apresentacaocontentmkt.com.br\/fieldstranslations\/wp-json\/wp\/v2\/types\/page"}],"author":[{"embeddable":true,"href":"https:\/\/apresentacaocontentmkt.com.br\/fieldstranslations\/wp-json\/wp\/v2\/users\/1"}],"replies":[{"embeddable":true,"href":"https:\/\/apresentacaocontentmkt.com.br\/fieldstranslations\/wp-json\/wp\/v2\/comments?post=1688"}],"version-history":[{"count":32,"href":"https:\/\/apresentacaocontentmkt.com.br\/fieldstranslations\/wp-json\/wp\/v2\/pages\/1688\/revisions"}],"predecessor-version":[{"id":2222,"href":"https:\/\/apresentacaocontentmkt.com.br\/fieldstranslations\/wp-json\/wp\/v2\/pages\/1688\/revisions\/2222"}],"wp:attachment":[{"href":"https:\/\/apresentacaocontentmkt.com.br\/fieldstranslations\/wp-json\/wp\/v2\/media?parent=1688"}],"curies":[{"name":"wp","href":"https:\/\/api.w.org\/{rel}","templated":true}]}}