{"id":1817,"date":"2025-03-19T17:17:07","date_gmt":"2025-03-19T17:17:07","guid":{"rendered":"https:\/\/apresentacaocontentmkt.com.br\/fieldstranslations\/?post_type=product&#038;p=1817"},"modified":"2025-04-16T11:11:40","modified_gmt":"2025-04-16T11:11:40","slug":"servico-de-traducao","status":"publish","type":"product","link":"https:\/\/apresentacaocontentmkt.com.br\/fieldstranslations\/produto\/servico-de-traducao\/","title":{"rendered":"Tradu\u00e7\u00e3o Certificada"},"content":{"rendered":"","protected":false},"excerpt":{"rendered":"","protected":false},"featured_media":1920,"comment_status":"closed","ping_status":"closed","template":"","meta":{"_acf_changed":false,"_joinchat":[]},"product_brand":[],"product_cat":[21],"product_tag":[],"class_list":{"0":"post-1817","1":"product","2":"type-product","3":"status-publish","4":"has-post-thumbnail","6":"product_cat-sem-categoria","8":"first","9":"instock","10":"featured","11":"virtual","12":"purchasable","13":"product-type-simple"},"yoast_head":"<!-- This site is optimized with the Yoast SEO plugin v24.8.1 - https:\/\/yoast.com\/wordpress\/plugins\/seo\/ -->\n<title>Tradu\u00e7\u00e3o Certificada - Fields Translations<\/title>\n<meta name=\"robots\" content=\"noindex, follow, max-snippet:-1, max-image-preview:large, max-video-preview:-1\" \/>\n<meta property=\"og:locale\" content=\"pt_BR\" \/>\n<meta property=\"og:type\" content=\"article\" \/>\n<meta property=\"og:title\" content=\"Tradu\u00e7\u00e3o Certificada - Fields Translations\" \/>\n<meta property=\"og:url\" content=\"https:\/\/apresentacaocontentmkt.com.br\/fieldstranslations\/produto\/servico-de-traducao\/\" \/>\n<meta property=\"og:site_name\" content=\"Fields Translations\" \/>\n<meta property=\"article:modified_time\" content=\"2025-04-16T11:11:40+00:00\" \/>\n<meta property=\"og:image\" content=\"https:\/\/apresentacaocontentmkt.com.br\/fieldstranslations\/wp-content\/uploads\/2025\/03\/Story-do-instagram-agenda-aberta-mes-de-marco-com-foto-e-link-minimalista-marrom-e-bege-1-Recuperado-2.jpg\" \/>\n\t<meta property=\"og:image:width\" content=\"948\" \/>\n\t<meta property=\"og:image:height\" content=\"935\" \/>\n\t<meta property=\"og:image:type\" content=\"image\/jpeg\" \/>\n<meta name=\"twitter:card\" content=\"summary_large_image\" \/>\n<meta name=\"twitter:label1\" content=\"Est. tempo de leitura\" \/>\n\t<meta name=\"twitter:data1\" content=\"1 minuto\" \/>\n<script type=\"application\/ld+json\" class=\"yoast-schema-graph\">{\"@context\":\"https:\/\/schema.org\",\"@graph\":[{\"@type\":\"WebPage\",\"@id\":\"https:\/\/apresentacaocontentmkt.com.br\/fieldstranslations\/produto\/servico-de-traducao\/\",\"url\":\"https:\/\/apresentacaocontentmkt.com.br\/fieldstranslations\/produto\/servico-de-traducao\/\",\"name\":\"Tradu\u00e7\u00e3o Certificada - Fields Translations\",\"isPartOf\":{\"@id\":\"https:\/\/apresentacaocontentmkt.com.br\/fieldstranslations\/#website\"},\"primaryImageOfPage\":{\"@id\":\"https:\/\/apresentacaocontentmkt.com.br\/fieldstranslations\/produto\/servico-de-traducao\/#primaryimage\"},\"image\":{\"@id\":\"https:\/\/apresentacaocontentmkt.com.br\/fieldstranslations\/produto\/servico-de-traducao\/#primaryimage\"},\"thumbnailUrl\":\"https:\/\/apresentacaocontentmkt.com.br\/fieldstranslations\/wp-content\/uploads\/2025\/03\/Story-do-instagram-agenda-aberta-mes-de-marco-com-foto-e-link-minimalista-marrom-e-bege-1-Recuperado-2.jpg\",\"datePublished\":\"2025-03-19T17:17:07+00:00\",\"dateModified\":\"2025-04-16T11:11:40+00:00\",\"breadcrumb\":{\"@id\":\"https:\/\/apresentacaocontentmkt.com.br\/fieldstranslations\/produto\/servico-de-traducao\/#breadcrumb\"},\"inLanguage\":\"pt-BR\",\"potentialAction\":[{\"@type\":\"ReadAction\",\"target\":[\"https:\/\/apresentacaocontentmkt.com.br\/fieldstranslations\/produto\/servico-de-traducao\/\"]}]},{\"@type\":\"ImageObject\",\"inLanguage\":\"pt-BR\",\"@id\":\"https:\/\/apresentacaocontentmkt.com.br\/fieldstranslations\/produto\/servico-de-traducao\/#primaryimage\",\"url\":\"https:\/\/apresentacaocontentmkt.com.br\/fieldstranslations\/wp-content\/uploads\/2025\/03\/Story-do-instagram-agenda-aberta-mes-de-marco-com-foto-e-link-minimalista-marrom-e-bege-1-Recuperado-2.jpg\",\"contentUrl\":\"https:\/\/apresentacaocontentmkt.com.br\/fieldstranslations\/wp-content\/uploads\/2025\/03\/Story-do-instagram-agenda-aberta-mes-de-marco-com-foto-e-link-minimalista-marrom-e-bege-1-Recuperado-2.jpg\",\"width\":948,\"height\":935},{\"@type\":\"BreadcrumbList\",\"@id\":\"https:\/\/apresentacaocontentmkt.com.br\/fieldstranslations\/produto\/servico-de-traducao\/#breadcrumb\",\"itemListElement\":[{\"@type\":\"ListItem\",\"position\":1,\"name\":\"In\u00edcio\",\"item\":\"https:\/\/apresentacaocontentmkt.com.br\/fieldstranslations\/\"},{\"@type\":\"ListItem\",\"position\":2,\"name\":\"Loja\",\"item\":\"https:\/\/apresentacaocontentmkt.com.br\/fieldstranslations\/loja\/\"},{\"@type\":\"ListItem\",\"position\":3,\"name\":\"Tradu\u00e7\u00e3o Certificada\"}]},{\"@type\":\"WebSite\",\"@id\":\"https:\/\/apresentacaocontentmkt.com.br\/fieldstranslations\/#website\",\"url\":\"https:\/\/apresentacaocontentmkt.com.br\/fieldstranslations\/\",\"name\":\"Fields Translations\",\"description\":\"Tradu\u00e7\u00f5es r\u00e1pidas e precisas para quem busca estudar, migrar ou atuar nos EUA.\",\"publisher\":{\"@id\":\"https:\/\/apresentacaocontentmkt.com.br\/fieldstranslations\/#organization\"},\"potentialAction\":[{\"@type\":\"SearchAction\",\"target\":{\"@type\":\"EntryPoint\",\"urlTemplate\":\"https:\/\/apresentacaocontentmkt.com.br\/fieldstranslations\/?s={search_term_string}\"},\"query-input\":{\"@type\":\"PropertyValueSpecification\",\"valueRequired\":true,\"valueName\":\"search_term_string\"}}],\"inLanguage\":\"pt-BR\"},{\"@type\":\"Organization\",\"@id\":\"https:\/\/apresentacaocontentmkt.com.br\/fieldstranslations\/#organization\",\"name\":\"Fields Translations\",\"url\":\"https:\/\/apresentacaocontentmkt.com.br\/fieldstranslations\/\",\"logo\":{\"@type\":\"ImageObject\",\"inLanguage\":\"pt-BR\",\"@id\":\"https:\/\/apresentacaocontentmkt.com.br\/fieldstranslations\/#\/schema\/logo\/image\/\",\"url\":\"https:\/\/apresentacaocontentmkt.com.br\/fieldstranslations\/wp-content\/uploads\/2025\/01\/Design-sem-nome-5.png\",\"contentUrl\":\"https:\/\/apresentacaocontentmkt.com.br\/fieldstranslations\/wp-content\/uploads\/2025\/01\/Design-sem-nome-5.png\",\"width\":1080,\"height\":1080,\"caption\":\"Fields Translations\"},\"image\":{\"@id\":\"https:\/\/apresentacaocontentmkt.com.br\/fieldstranslations\/#\/schema\/logo\/image\/\"}}]}<\/script>\n<!-- \/ Yoast SEO plugin. -->","yoast_head_json":{"title":"Tradu\u00e7\u00e3o Certificada - Fields Translations","robots":{"index":"noindex","follow":"follow","max-snippet":"max-snippet:-1","max-image-preview":"max-image-preview:large","max-video-preview":"max-video-preview:-1"},"og_locale":"pt_BR","og_type":"article","og_title":"Tradu\u00e7\u00e3o Certificada - Fields Translations","og_url":"https:\/\/apresentacaocontentmkt.com.br\/fieldstranslations\/produto\/servico-de-traducao\/","og_site_name":"Fields Translations","article_modified_time":"2025-04-16T11:11:40+00:00","og_image":[{"width":948,"height":935,"url":"https:\/\/apresentacaocontentmkt.com.br\/fieldstranslations\/wp-content\/uploads\/2025\/03\/Story-do-instagram-agenda-aberta-mes-de-marco-com-foto-e-link-minimalista-marrom-e-bege-1-Recuperado-2.jpg","type":"image\/jpeg"}],"twitter_card":"summary_large_image","twitter_misc":{"Est. tempo de leitura":"1 minuto"},"schema":{"@context":"https:\/\/schema.org","@graph":[{"@type":"WebPage","@id":"https:\/\/apresentacaocontentmkt.com.br\/fieldstranslations\/produto\/servico-de-traducao\/","url":"https:\/\/apresentacaocontentmkt.com.br\/fieldstranslations\/produto\/servico-de-traducao\/","name":"Tradu\u00e7\u00e3o Certificada - Fields Translations","isPartOf":{"@id":"https:\/\/apresentacaocontentmkt.com.br\/fieldstranslations\/#website"},"primaryImageOfPage":{"@id":"https:\/\/apresentacaocontentmkt.com.br\/fieldstranslations\/produto\/servico-de-traducao\/#primaryimage"},"image":{"@id":"https:\/\/apresentacaocontentmkt.com.br\/fieldstranslations\/produto\/servico-de-traducao\/#primaryimage"},"thumbnailUrl":"https:\/\/apresentacaocontentmkt.com.br\/fieldstranslations\/wp-content\/uploads\/2025\/03\/Story-do-instagram-agenda-aberta-mes-de-marco-com-foto-e-link-minimalista-marrom-e-bege-1-Recuperado-2.jpg","datePublished":"2025-03-19T17:17:07+00:00","dateModified":"2025-04-16T11:11:40+00:00","breadcrumb":{"@id":"https:\/\/apresentacaocontentmkt.com.br\/fieldstranslations\/produto\/servico-de-traducao\/#breadcrumb"},"inLanguage":"pt-BR","potentialAction":[{"@type":"ReadAction","target":["https:\/\/apresentacaocontentmkt.com.br\/fieldstranslations\/produto\/servico-de-traducao\/"]}]},{"@type":"ImageObject","inLanguage":"pt-BR","@id":"https:\/\/apresentacaocontentmkt.com.br\/fieldstranslations\/produto\/servico-de-traducao\/#primaryimage","url":"https:\/\/apresentacaocontentmkt.com.br\/fieldstranslations\/wp-content\/uploads\/2025\/03\/Story-do-instagram-agenda-aberta-mes-de-marco-com-foto-e-link-minimalista-marrom-e-bege-1-Recuperado-2.jpg","contentUrl":"https:\/\/apresentacaocontentmkt.com.br\/fieldstranslations\/wp-content\/uploads\/2025\/03\/Story-do-instagram-agenda-aberta-mes-de-marco-com-foto-e-link-minimalista-marrom-e-bege-1-Recuperado-2.jpg","width":948,"height":935},{"@type":"BreadcrumbList","@id":"https:\/\/apresentacaocontentmkt.com.br\/fieldstranslations\/produto\/servico-de-traducao\/#breadcrumb","itemListElement":[{"@type":"ListItem","position":1,"name":"In\u00edcio","item":"https:\/\/apresentacaocontentmkt.com.br\/fieldstranslations\/"},{"@type":"ListItem","position":2,"name":"Loja","item":"https:\/\/apresentacaocontentmkt.com.br\/fieldstranslations\/loja\/"},{"@type":"ListItem","position":3,"name":"Tradu\u00e7\u00e3o Certificada"}]},{"@type":"WebSite","@id":"https:\/\/apresentacaocontentmkt.com.br\/fieldstranslations\/#website","url":"https:\/\/apresentacaocontentmkt.com.br\/fieldstranslations\/","name":"Fields Translations","description":"Tradu\u00e7\u00f5es r\u00e1pidas e precisas para quem busca estudar, migrar ou atuar nos EUA.","publisher":{"@id":"https:\/\/apresentacaocontentmkt.com.br\/fieldstranslations\/#organization"},"potentialAction":[{"@type":"SearchAction","target":{"@type":"EntryPoint","urlTemplate":"https:\/\/apresentacaocontentmkt.com.br\/fieldstranslations\/?s={search_term_string}"},"query-input":{"@type":"PropertyValueSpecification","valueRequired":true,"valueName":"search_term_string"}}],"inLanguage":"pt-BR"},{"@type":"Organization","@id":"https:\/\/apresentacaocontentmkt.com.br\/fieldstranslations\/#organization","name":"Fields Translations","url":"https:\/\/apresentacaocontentmkt.com.br\/fieldstranslations\/","logo":{"@type":"ImageObject","inLanguage":"pt-BR","@id":"https:\/\/apresentacaocontentmkt.com.br\/fieldstranslations\/#\/schema\/logo\/image\/","url":"https:\/\/apresentacaocontentmkt.com.br\/fieldstranslations\/wp-content\/uploads\/2025\/01\/Design-sem-nome-5.png","contentUrl":"https:\/\/apresentacaocontentmkt.com.br\/fieldstranslations\/wp-content\/uploads\/2025\/01\/Design-sem-nome-5.png","width":1080,"height":1080,"caption":"Fields Translations"},"image":{"@id":"https:\/\/apresentacaocontentmkt.com.br\/fieldstranslations\/#\/schema\/logo\/image\/"}}]}},"acf":[],"_links":{"self":[{"href":"https:\/\/apresentacaocontentmkt.com.br\/fieldstranslations\/wp-json\/wp\/v2\/product\/1817","targetHints":{"allow":["GET"]}}],"collection":[{"href":"https:\/\/apresentacaocontentmkt.com.br\/fieldstranslations\/wp-json\/wp\/v2\/product"}],"about":[{"href":"https:\/\/apresentacaocontentmkt.com.br\/fieldstranslations\/wp-json\/wp\/v2\/types\/product"}],"replies":[{"embeddable":true,"href":"https:\/\/apresentacaocontentmkt.com.br\/fieldstranslations\/wp-json\/wp\/v2\/comments?post=1817"}],"wp:featuredmedia":[{"embeddable":true,"href":"https:\/\/apresentacaocontentmkt.com.br\/fieldstranslations\/wp-json\/wp\/v2\/media\/1920"}],"wp:attachment":[{"href":"https:\/\/apresentacaocontentmkt.com.br\/fieldstranslations\/wp-json\/wp\/v2\/media?parent=1817"}],"wp:term":[{"taxonomy":"product_brand","embeddable":true,"href":"https:\/\/apresentacaocontentmkt.com.br\/fieldstranslations\/wp-json\/wp\/v2\/product_brand?post=1817"},{"taxonomy":"product_cat","embeddable":true,"href":"https:\/\/apresentacaocontentmkt.com.br\/fieldstranslations\/wp-json\/wp\/v2\/product_cat?post=1817"},{"taxonomy":"product_tag","embeddable":true,"href":"https:\/\/apresentacaocontentmkt.com.br\/fieldstranslations\/wp-json\/wp\/v2\/product_tag?post=1817"}],"curies":[{"name":"wp","href":"https:\/\/api.w.org\/{rel}","templated":true}]}}