{"id":3,"date":"2025-06-13T13:58:07","date_gmt":"2025-06-13T13:58:07","guid":{"rendered":"https:\/\/apresentacaocontentmkt.com.br\/restaurantejh\/?page_id=3"},"modified":"2025-07-08T10:19:45","modified_gmt":"2025-07-08T10:19:45","slug":"politica-de-privacidade","status":"publish","type":"page","link":"https:\/\/apresentacaocontentmkt.com.br\/restaurantejh\/politica-de-privacidade\/","title":{"rendered":"Pol\u00edtica de Privacidade"},"content":{"rendered":"\n<h3 class=\"wp-block-heading\"><strong>Quem somos<\/strong><\/h3>\n\n\n\n<p>Endere\u00e7o do nosso site: <a class=\"\" href=\"https:\/\/apresentacaocontentmkt.com.br\/restaurantejh\">https:\/\/apresentacaocontentmkt.com.br\/restaurantejh<\/a><\/p>\n\n\n\n<hr class=\"wp-block-separator has-alpha-channel-opacity\"\/>\n\n\n\n<h3 class=\"wp-block-heading\"><strong>Coment\u00e1rios<\/strong><\/h3>\n\n\n\n<p>Quando os visitantes deixam coment\u00e1rios no site, coletamos os dados exibidos no formul\u00e1rio de coment\u00e1rios, al\u00e9m do endere\u00e7o de IP e dados do navegador do visitante, para ajudar na detec\u00e7\u00e3o de spam.<\/p>\n\n\n\n<p>Uma sequ\u00eancia an\u00f4nima (hash) criada a partir do seu e-mail pode ser enviada ao servi\u00e7o Gravatar para verificar se voc\u00ea utiliza essa plataforma. A pol\u00edtica de privacidade do Gravatar est\u00e1 dispon\u00edvel em: <a class=\"\" href=\"https:\/\/automattic.com\/privacy\/\">https:\/\/automattic.com\/privacy\/<\/a>. Ap\u00f3s a aprova\u00e7\u00e3o do coment\u00e1rio, sua foto de perfil ficar\u00e1 vis\u00edvel ao p\u00fablico junto ao seu coment\u00e1rio.<\/p>\n\n\n\n<hr class=\"wp-block-separator has-alpha-channel-opacity\"\/>\n\n\n\n<h3 class=\"wp-block-heading\"><strong>M\u00eddia<\/strong><\/h3>\n\n\n\n<p>Se voc\u00ea enviar imagens para o site (por exemplo, em avalia\u00e7\u00f5es ou intera\u00e7\u00f5es com o restaurante), evite fazer upload de imagens que contenham dados de localiza\u00e7\u00e3o (EXIF GPS), pois os visitantes podem baixar e extrair essas informa\u00e7\u00f5es das imagens.<\/p>\n\n\n\n<hr class=\"wp-block-separator has-alpha-channel-opacity\"\/>\n\n\n\n<h3 class=\"wp-block-heading\"><strong>Cookies<\/strong><\/h3>\n\n\n\n<p>Se voc\u00ea deixar um coment\u00e1rio em nosso site, poder\u00e1 escolher salvar seu nome, e-mail e site em cookies. Isso serve para sua conveni\u00eancia, para que n\u00e3o precise preencher seus dados novamente ao deixar um novo coment\u00e1rio. Esses cookies duram um ano.<\/p>\n\n\n\n<p>Ao visitar nossa p\u00e1gina de login, ser\u00e1 criado um cookie tempor\u00e1rio para verificar se seu navegador aceita cookies. Esse cookie n\u00e3o cont\u00e9m dados pessoais e ser\u00e1 descartado ao fechar o navegador.<\/p>\n\n\n\n<p>Ao fazer login, criamos cookies para armazenar suas informa\u00e7\u00f5es de login e prefer\u00eancias de exibi\u00e7\u00e3o na tela. Os cookies de login duram dois dias e os de prefer\u00eancias visuais duram um ano. Se voc\u00ea marcar \u201cLembrar-me\u201d, seu login persistir\u00e1 por duas semanas. Ao sair da sua conta, os cookies de login ser\u00e3o removidos.<\/p>\n\n\n\n<p>Se voc\u00ea editar ou publicar algum conte\u00fado (como avalia\u00e7\u00f5es ou sugest\u00f5es), um cookie adicional ser\u00e1 armazenado em seu navegador. Esse cookie n\u00e3o cont\u00e9m dados pessoais e apenas indica o ID do conte\u00fado editado. Ele expira ap\u00f3s um dia.<\/p>\n\n\n\n<hr class=\"wp-block-separator has-alpha-channel-opacity\"\/>\n\n\n\n<h3 class=\"wp-block-heading\"><strong>Conte\u00fado incorporado de outros sites<\/strong><\/h3>\n\n\n\n<p>Alguns conte\u00fados em nosso site, como v\u00eddeos, imagens ou mat\u00e9rias, podem conter conte\u00fado incorporado de outros sites. Esse conte\u00fado se comporta da mesma forma como se voc\u00ea estivesse acessando diretamente o site de origem.<\/p>\n\n\n\n<p>Esses sites podem coletar dados sobre voc\u00ea, usar cookies, incorporar rastreamento de terceiros e monitorar sua intera\u00e7\u00e3o com o conte\u00fado incorporado, principalmente se voc\u00ea tiver uma conta e estiver logado nesses sites.<\/p>\n\n\n\n<hr class=\"wp-block-separator has-alpha-channel-opacity\"\/>\n\n\n\n<h3 class=\"wp-block-heading\"><strong>Com quem compartilhamos seus dados<\/strong><\/h3>\n\n\n\n<p>Caso voc\u00ea solicite a redefini\u00e7\u00e3o de senha, seu endere\u00e7o IP ser\u00e1 inclu\u00eddo no e-mail de redefini\u00e7\u00e3o por motivos de seguran\u00e7a.<\/p>\n\n\n\n<hr class=\"wp-block-separator has-alpha-channel-opacity\"\/>\n\n\n\n<h3 class=\"wp-block-heading\"><strong>Por quanto tempo mantemos seus dados<\/strong><\/h3>\n\n\n\n<p>Se voc\u00ea deixar um coment\u00e1rio ou avalia\u00e7\u00e3o, tanto o coment\u00e1rio quanto os dados associados s\u00e3o mantidos por tempo indeterminado. Isso nos ajuda a reconhecer e aprovar automaticamente intera\u00e7\u00f5es futuras, sem necessidade de modera\u00e7\u00e3o.<\/p>\n\n\n\n<p>Usu\u00e1rios que se cadastrarem em nosso site (caso essa funcionalidade esteja ativa) ter\u00e3o suas informa\u00e7\u00f5es armazenadas em seus perfis. Todos os usu\u00e1rios podem visualizar, editar ou excluir suas informa\u00e7\u00f5es pessoais a qualquer momento (exceto o nome de usu\u00e1rio). Os administradores do site tamb\u00e9m podem visualizar e editar essas informa\u00e7\u00f5es.<\/p>\n\n\n\n<hr class=\"wp-block-separator has-alpha-channel-opacity\"\/>\n\n\n\n<h3 class=\"wp-block-heading\"><strong>Seus direitos sobre seus dados<\/strong><\/h3>\n\n\n\n<p>Se voc\u00ea tiver uma conta em nosso site ou tiver deixado coment\u00e1rios, pode solicitar um arquivo com os dados pessoais que temos sobre voc\u00ea, incluindo todas as informa\u00e7\u00f5es fornecidas. Tamb\u00e9m pode solicitar a exclus\u00e3o desses dados, com exce\u00e7\u00e3o daqueles que somos obrigados a manter por raz\u00f5es administrativas, legais ou de seguran\u00e7a.<\/p>\n\n\n\n<hr class=\"wp-block-separator has-alpha-channel-opacity\"\/>\n\n\n\n<h3 class=\"wp-block-heading\"><strong>Para onde seus dados s\u00e3o enviados<\/strong><\/h3>\n\n\n\n<p>Coment\u00e1rios de visitantes podem ser analisados por um servi\u00e7o autom\u00e1tico de detec\u00e7\u00e3o de spam.<\/p>\n","protected":false},"excerpt":{"rendered":"<p>Quem somos Endere\u00e7o do nosso site: https:\/\/apresentacaocontentmkt.com.br\/restaurantejh Coment\u00e1rios Quando os visitantes deixam coment\u00e1rios no site, coletamos os dados exibidos no formul\u00e1rio de coment\u00e1rios, al\u00e9m do endere\u00e7o de IP e dados do navegador do visitante, para ajudar na detec\u00e7\u00e3o de spam. Uma sequ\u00eancia an\u00f4nima (hash) criada a partir do seu e-mail pode ser enviada ao servi\u00e7o [&hellip;]<\/p>\n","protected":false},"author":1,"featured_media":0,"parent":0,"menu_order":0,"comment_status":"closed","ping_status":"closed","template":"","meta":{"_joinchat":[],"footnotes":""},"class_list":["post-3","page","type-page","status-publish","hentry"],"_links":{"self":[{"href":"https:\/\/apresentacaocontentmkt.com.br\/restaurantejh\/wp-json\/wp\/v2\/pages\/3","targetHints":{"allow":["GET"]}}],"collection":[{"href":"https:\/\/apresentacaocontentmkt.com.br\/restaurantejh\/wp-json\/wp\/v2\/pages"}],"about":[{"href":"https:\/\/apresentacaocontentmkt.com.br\/restaurantejh\/wp-json\/wp\/v2\/types\/page"}],"author":[{"embeddable":true,"href":"https:\/\/apresentacaocontentmkt.com.br\/restaurantejh\/wp-json\/wp\/v2\/users\/1"}],"replies":[{"embeddable":true,"href":"https:\/\/apresentacaocontentmkt.com.br\/restaurantejh\/wp-json\/wp\/v2\/comments?post=3"}],"version-history":[{"count":2,"href":"https:\/\/apresentacaocontentmkt.com.br\/restaurantejh\/wp-json\/wp\/v2\/pages\/3\/revisions"}],"predecessor-version":[{"id":943,"href":"https:\/\/apresentacaocontentmkt.com.br\/restaurantejh\/wp-json\/wp\/v2\/pages\/3\/revisions\/943"}],"wp:attachment":[{"href":"https:\/\/apresentacaocontentmkt.com.br\/restaurantejh\/wp-json\/wp\/v2\/media?parent=3"}],"curies":[{"name":"wp","href":"https:\/\/api.w.org\/{rel}","templated":true}]}}