{"id":2535,"date":"2025-11-13T16:36:20","date_gmt":"2025-11-13T19:36:20","guid":{"rendered":"https:\/\/apresentacaocontentmkt.com.br\/vetpetline\/produto\/revolution-antipulgas-para-caes-de-51-kg-a-10-kg-3-pipetas\/"},"modified":"2025-11-24T12:53:57","modified_gmt":"2025-11-24T15:53:57","slug":"revolution-antipulgas-para-caes-de-51-kg-a-10-kg-3-pipetas","status":"publish","type":"product","link":"https:\/\/apresentacaocontentmkt.com.br\/vetpetline\/produto\/revolution-antipulgas-para-caes-de-51-kg-a-10-kg-3-pipetas\/","title":{"rendered":"Revolution Antipulgas Para C\u00e3es De 5,1 Kg A 10 Kg 3 Pipetas"},"content":{"rendered":"","protected":false},"excerpt":{"rendered":"<p>Antipulgas Carrapatos C\u00e3o Cachorros Revolution para c\u00e3es de 5 a 10 kg com 3 pipetas \u00e9 indicado para:<\/p>\n<p>\u2022 Tratamento, preven\u00e7\u00e3o e controle de infesta\u00e7\u00f5es por pulgas (Ctenocephalides sp.).<br \/>\n\u2022 Controle da dermatite al\u00e9rgica por picada de pulgas (DAPP).<br \/>\n\u2022 Preven\u00e7\u00e3o da dirofilariose (Dirofilaria immitis).<br \/>\n\u2022 Tratamento e controle da sarna de ouvidos (Otodectes cynotis).<br \/>\n\u2022 Tratamento e controle da sarna sarc\u00f3ptica (Sarcoptes scabiei).<br \/>\n\u2022 Tratamento e controle de vermes intestinais (Toxocara canis).<br \/>\n\u2022 Prote\u00e7\u00e3o da ninhada contra pulgas (Ctenocephalides sp.).<br \/>\n\u2022 Auxiliar no controle de carrapatos (Rhipicephalus sanguineus e Dermacentor variabilis).<br \/>\n\u2022 Tratamento e controle de infesta\u00e7\u00e3o por piolhos (Trichodectes canis).<\/p>\n<p>Para gatos, Revolution\u00ae 6% \u00e9 indicado para:<\/p>\n<p>\u2022 Tratamento, preven\u00e7\u00e3o e controle de infesta\u00e7\u00f5es por pulgas (Ctenocephalides sp.).<br \/>\n\u2022 Controle da dermatite al\u00e9rgica por picada de pulgas (DAPP).<br \/>\n\u2022 Preven\u00e7\u00e3o da dirofilariose (Dirofilaria immitis).<br \/>\n\u2022 Tratamento e controle da sarna de ouvidos (Otodectes cynotis).<br \/>\n\u2022 Tratamento e controle de vermes intestinais (Toxocara cati, Toxascaris leonina e Ancylostoma tubaeforme).<br \/>\n\u2022 Prote\u00e7\u00e3o da ninhada contra pulgas (Ctenocephalides sp.).<br \/>\n\u2022 Tratamento e controle de infesta\u00e7\u00e3o por piolhos (Felicola subrostratus).<\/p>\n<p>Contraindica\u00e7\u00f5es \/ Precau\u00e7\u00f5es: N\u00e3o utilize em c\u00e3es com menos de seis semanas de idade.<\/p>\n<p>Efeitos adversos: Menos de 1% dos gatos tratados nos estudos de campo apresentaram alopecia transit\u00f3ria, com ou sem inflama\u00e7\u00e3o, pr\u00f3ximo ou no local de aplica\u00e7\u00e3o, possivelmente causada pelo h\u00e1bito de lamber-se. V\u00f4mitos, saliva\u00e7\u00e3o e diarr\u00e9ia, os quais podem ou n\u00e3o estar relacionados ao tratamento, foram observados em alguns c\u00e3es e gatos nos estudos de campo.<\/p>\n<p>Reprodu\u00e7\u00e3o, gesta\u00e7\u00e3o e lacta\u00e7\u00e3o: Para prevenir as infesta\u00e7\u00f5es por pulgas o Revolution\u00ae 6% deve ser administrado mensalmente nas cadelas e gatas durante toda a gesta\u00e7\u00e3o e amamenta\u00e7\u00e3o. Este programa de tratamento ir\u00e1 prevenir as infesta\u00e7\u00f5es por pulgas nos filhotes de c\u00e3es e gatos em amamenta\u00e7\u00e3o, durante sete semanas ap\u00f3s o nascimento.<\/p>\n","protected":false},"featured_media":2522,"comment_status":"open","ping_status":"closed","template":"","meta":[],"product_brand":[],"product_cat":[300],"product_tag":[],"class_list":{"0":"post-2535","1":"product","2":"type-product","3":"status-publish","4":"has-post-thumbnail","6":"product_cat-tratamento-antipulgas-e-carrapatos","8":"first","9":"instock","10":"shipping-taxable","11":"purchasable","12":"product-type-simple"},"_links":{"self":[{"href":"https:\/\/apresentacaocontentmkt.com.br\/vetpetline\/wp-json\/wp\/v2\/product\/2535","targetHints":{"allow":["GET"]}}],"collection":[{"href":"https:\/\/apresentacaocontentmkt.com.br\/vetpetline\/wp-json\/wp\/v2\/product"}],"about":[{"href":"https:\/\/apresentacaocontentmkt.com.br\/vetpetline\/wp-json\/wp\/v2\/types\/product"}],"replies":[{"embeddable":true,"href":"https:\/\/apresentacaocontentmkt.com.br\/vetpetline\/wp-json\/wp\/v2\/comments?post=2535"}],"wp:featuredmedia":[{"embeddable":true,"href":"https:\/\/apresentacaocontentmkt.com.br\/vetpetline\/wp-json\/wp\/v2\/media\/2522"}],"wp:attachment":[{"href":"https:\/\/apresentacaocontentmkt.com.br\/vetpetline\/wp-json\/wp\/v2\/media?parent=2535"}],"wp:term":[{"taxonomy":"product_brand","embeddable":true,"href":"https:\/\/apresentacaocontentmkt.com.br\/vetpetline\/wp-json\/wp\/v2\/product_brand?post=2535"},{"taxonomy":"product_cat","embeddable":true,"href":"https:\/\/apresentacaocontentmkt.com.br\/vetpetline\/wp-json\/wp\/v2\/product_cat?post=2535"},{"taxonomy":"product_tag","embeddable":true,"href":"https:\/\/apresentacaocontentmkt.com.br\/vetpetline\/wp-json\/wp\/v2\/product_tag?post=2535"}],"curies":[{"name":"wp","href":"https:\/\/api.w.org\/{rel}","templated":true}]}}