{"id":3080,"date":"2025-11-13T16:55:12","date_gmt":"2025-11-13T19:55:12","guid":{"rendered":"https:\/\/apresentacaocontentmkt.com.br\/vetpetline\/produto\/suplemento-buddy-nutrition-digestao-e-flora-intestinal-caes\/"},"modified":"2025-11-23T19:22:31","modified_gmt":"2025-11-23T22:22:31","slug":"suplemento-buddy-nutrition-digestao-e-flora-intestinal-caes","status":"publish","type":"product","link":"https:\/\/apresentacaocontentmkt.com.br\/vetpetline\/produto\/suplemento-buddy-nutrition-digestao-e-flora-intestinal-caes\/","title":{"rendered":"Suplemento Buddy Nutrition Digest\u00e3o E Flora Intestinal C\u00e3es"},"content":{"rendered":"","protected":false},"excerpt":{"rendered":"<p>Suplemento Digest\u00e3o &amp; Flora Intestinal da Buddy Nutrition foi desenvolvido com vitaminas, pr\u00e9-bi\u00f3ticos, probi\u00f3ticos e diferentes fontes de fibras, que agem em sinergia para regular a microbiota intestinal, promovendo um melhor funcionamento do sistema digestivo e do sistema imunol\u00f3gico do seu parceirinho de quatro patas.<\/p>\n<p>Benef\u00edcios:<br \/>\n&#8211; Melhora a digest\u00e3o<br \/>\n&#8211; Melhora a Flora intestinal<br \/>\n&#8211; Aumento da imunidade<br \/>\n&#8211; Fun\u00e7\u00e3o hep\u00e1tica<\/p>\n<p>O que tem dentro?<br \/>\n&#8211; Betaglucanas, pr\u00e9 e probi\u00f3ticos<br \/>\n&#8211; Espirulina e C\u00farcuma<br \/>\n&#8211; FOS, MOS e Vitamina D3<br \/>\n&#8211; Tocoferol<\/p>\n<p>Para quais c\u00e3es este produto \u00e9 indicado?<\/p>\n<p>O suplemento Digest\u00e3o &amp; Flora Intestinal \u00e9 indicado para c\u00e3es de todas as idades.<\/p>\n<p>Nossa f\u00f3rmula \u00e9 completa e foi desenvolvida com elementos importantes e espec\u00edficos para melhorar a qualidade de vida e prevenir problemas recorrentes aos c\u00e3es, como:<\/p>\n<p>&#8211; Coc\u00f4 mole e com cheiro desagrad\u00e1vel<br \/>\n&#8211; Baixa imunidade e resist\u00eancia<br \/>\n&#8211; Dificuldade de absor\u00e7\u00e3o de nutrientes<br \/>\n&#8211; Pris\u00e3o de ventre<\/p>\n<p>Como devo dar este produto ao meu buddy?<br \/>\nAt\u00e9 10 kg: 1 por dia<br \/>\n10-20 kg: 2 por dia<br \/>\n20-30 kg: 3 por dia<br \/>\n+ de 30 kg: 4 por dia<\/p>\n","protected":false},"featured_media":3073,"comment_status":"open","ping_status":"closed","template":"","meta":[],"product_brand":[],"product_cat":[299],"product_tag":[],"class_list":{"0":"post-3080","1":"product","2":"type-product","3":"status-publish","4":"has-post-thumbnail","6":"product_cat-suplemento-alimentar","8":"first","9":"instock","10":"shipping-taxable","11":"purchasable","12":"product-type-simple"},"_links":{"self":[{"href":"https:\/\/apresentacaocontentmkt.com.br\/vetpetline\/wp-json\/wp\/v2\/product\/3080","targetHints":{"allow":["GET"]}}],"collection":[{"href":"https:\/\/apresentacaocontentmkt.com.br\/vetpetline\/wp-json\/wp\/v2\/product"}],"about":[{"href":"https:\/\/apresentacaocontentmkt.com.br\/vetpetline\/wp-json\/wp\/v2\/types\/product"}],"replies":[{"embeddable":true,"href":"https:\/\/apresentacaocontentmkt.com.br\/vetpetline\/wp-json\/wp\/v2\/comments?post=3080"}],"wp:featuredmedia":[{"embeddable":true,"href":"https:\/\/apresentacaocontentmkt.com.br\/vetpetline\/wp-json\/wp\/v2\/media\/3073"}],"wp:attachment":[{"href":"https:\/\/apresentacaocontentmkt.com.br\/vetpetline\/wp-json\/wp\/v2\/media?parent=3080"}],"wp:term":[{"taxonomy":"product_brand","embeddable":true,"href":"https:\/\/apresentacaocontentmkt.com.br\/vetpetline\/wp-json\/wp\/v2\/product_brand?post=3080"},{"taxonomy":"product_cat","embeddable":true,"href":"https:\/\/apresentacaocontentmkt.com.br\/vetpetline\/wp-json\/wp\/v2\/product_cat?post=3080"},{"taxonomy":"product_tag","embeddable":true,"href":"https:\/\/apresentacaocontentmkt.com.br\/vetpetline\/wp-json\/wp\/v2\/product_tag?post=3080"}],"curies":[{"name":"wp","href":"https:\/\/api.w.org\/{rel}","templated":true}]}}