{"id":3574,"date":"2025-11-19T10:05:52","date_gmt":"2025-11-19T13:05:52","guid":{"rendered":"https:\/\/apresentacaocontentmkt.com.br\/vetpetline\/produto\/bravecto-20-a-40-kg-antipulgas-caes-cachorro-1000mg-azul\/"},"modified":"2025-11-19T15:19:00","modified_gmt":"2025-11-19T18:19:00","slug":"bravecto-20-a-40-kg-antipulgas-caes-cachorro-1000mg-azul","status":"publish","type":"product","link":"https:\/\/apresentacaocontentmkt.com.br\/vetpetline\/produto\/bravecto-20-a-40-kg-antipulgas-caes-cachorro-1000mg-azul\/","title":{"rendered":"Bravecto 20 A 40 Kg Antipulgas C\u00e3es Cachorro 1000mg AZUL"},"content":{"rendered":"","protected":false},"excerpt":{"rendered":"<p>Bravecto para C\u00e3es de 20 a 40 kg Comprimido Cachorro C\u00e3o. 1 BRAVECTO + BRINDE Bravecto\u2122 \u00e9 indicado para o tratamento de infesta\u00e7\u00f5es por carrapatos e pulgas, em c\u00e3es, proporcionando 12 semanas de prote\u00e7\u00e3o. Bravecto\u2122 \u00e9 um inseticida e acaricida, sist\u00eamico com longa dura\u00e7\u00e3o de a\u00e7\u00e3o, que promove efic\u00e1cia imediata e persistente por 12 semanas contra carrapatos (formas adultas e jovens de Rhipicephalus sanguineus, Ixodes ricinus, Ixodes hexagonus, Ixodes scapularis, Ixodes holocyclus, Dermacentor reticulatus e Dermacentor variabilis) e pulgas (Ctenocephalides felis e Ctenocephalides canis). Carrapatos e pulgas devem estar aderidos ao c\u00e3o, e j\u00e1 tendo iniciada a alimenta\u00e7\u00e3o para serem expostos ao princ\u00edpio ativo. Bravecto\u2122 elimina carrapatos e pulgas em 12 e 8 horas. respectivamente. Al\u00e9m disso, controla eficazmente as popula\u00e7\u00f5es de pulgas no ambiente, nas \u00e1reas \u00e0s quais o c\u00e3o tem acesso. Bravecto\u2122 pode ser utilizado como parte de uma estrat\u00e9gia de tratamento para a dermatite al\u00e9rgica \u00e0 picada de pulgas. Bravecto Comprimido Para C\u00e3es De 20 a 40kg Um produto inovador e com benef\u00edcios muito superiores aos oferecidos pelos produtos t\u00f3picos e orais atualmente dispon\u00edveis. \u00c9 muito seguro para os c\u00e3es, inclusive para reprodutores, cadelas prenhas e em lacta\u00e7\u00e3o. BRAVECTO\u2122 \u00e9 composto por Fluralaner, um princ\u00edpio ativo pertencente a uma nova classe de antiparasit\u00e1rios, as Isoxazolinas 6. Fluralaner \u00e9 o resultado final de um programa de otimiza\u00e7\u00e3o qu\u00edmica que teve como objetivo principal desenvolver uma mol\u00e9cula com a\u00e7\u00e3o \u00fanica, altamente seletiva, que tivesse como alvo o sistema nervoso dos parasitas. Muitos anos de pesquisa foram necess\u00e1rios para o desenvolvimento de uma mol\u00e9cula com caracter\u00edsticas \u00fanicas e que atendesse \u00e0s necessidades do exigente mercado de sa\u00fade animal. O Fluralaner \u00e9 um potente inibidor do sistema nervoso dos artr\u00f3podes, pois atua de forma dupla ao bloquear os receptores GABA e Glutamato. Ao bloquear esses receptores, o Fluralaner interrompe a condu\u00e7\u00e3o dos est\u00edmulos inibit\u00f3rios, causando, nos parasitas, hiperexcita\u00e7\u00e3o, paralisia e morte. &#8211; A\u00e7\u00e3o r\u00e1pida e persistente. &#8211; 12 semanas de prote\u00e7\u00e3o &#8211; Eficaz, independente da frequ\u00eancia de banhos. &#8211; Administra\u00e7\u00e3o oral, f\u00e1cil e limpa. &#8211; Produto Original. &#8211; Cada embalagem possui Um Comprimido.<\/p>\n","protected":false},"featured_media":3783,"comment_status":"open","ping_status":"closed","template":"","meta":[],"product_brand":[],"product_cat":[299],"product_tag":[],"class_list":{"0":"post-3574","1":"product","2":"type-product","3":"status-publish","4":"has-post-thumbnail","6":"product_cat-suplemento-alimentar","8":"first","9":"instock","10":"shipping-taxable","11":"purchasable","12":"product-type-simple"},"_links":{"self":[{"href":"https:\/\/apresentacaocontentmkt.com.br\/vetpetline\/wp-json\/wp\/v2\/product\/3574","targetHints":{"allow":["GET"]}}],"collection":[{"href":"https:\/\/apresentacaocontentmkt.com.br\/vetpetline\/wp-json\/wp\/v2\/product"}],"about":[{"href":"https:\/\/apresentacaocontentmkt.com.br\/vetpetline\/wp-json\/wp\/v2\/types\/product"}],"replies":[{"embeddable":true,"href":"https:\/\/apresentacaocontentmkt.com.br\/vetpetline\/wp-json\/wp\/v2\/comments?post=3574"}],"wp:featuredmedia":[{"embeddable":true,"href":"https:\/\/apresentacaocontentmkt.com.br\/vetpetline\/wp-json\/wp\/v2\/media\/3783"}],"wp:attachment":[{"href":"https:\/\/apresentacaocontentmkt.com.br\/vetpetline\/wp-json\/wp\/v2\/media?parent=3574"}],"wp:term":[{"taxonomy":"product_brand","embeddable":true,"href":"https:\/\/apresentacaocontentmkt.com.br\/vetpetline\/wp-json\/wp\/v2\/product_brand?post=3574"},{"taxonomy":"product_cat","embeddable":true,"href":"https:\/\/apresentacaocontentmkt.com.br\/vetpetline\/wp-json\/wp\/v2\/product_cat?post=3574"},{"taxonomy":"product_tag","embeddable":true,"href":"https:\/\/apresentacaocontentmkt.com.br\/vetpetline\/wp-json\/wp\/v2\/product_tag?post=3574"}],"curies":[{"name":"wp","href":"https:\/\/api.w.org\/{rel}","templated":true}]}}