{"id":3668,"date":"2025-11-19T14:17:23","date_gmt":"2025-11-19T17:17:23","guid":{"rendered":"https:\/\/apresentacaocontentmkt.com.br\/vetpetline\/produto\/avert-condroplex-lb-120g-60-comprimidos-suplemento-caes\/"},"modified":"2025-11-19T14:17:23","modified_gmt":"2025-11-19T17:17:23","slug":"avert-condroplex-lb-120g-60-comprimidos-suplemento-caes","status":"publish","type":"product","link":"https:\/\/apresentacaocontentmkt.com.br\/vetpetline\/produto\/avert-condroplex-lb-120g-60-comprimidos-suplemento-caes\/","title":{"rendered":"Avert Condroplex Lb 120g 60 Comprimidos Suplemento C\u00e3es"},"content":{"rendered":"","protected":false},"excerpt":{"rendered":"<p>CONDROPLEX\u00ae LB comprimidos \u00e9 um suplemento alimentar composto por nutrientes essenciais \u00e0s articula\u00e7\u00f5es, indicado para c\u00e3es de portes grande e gigante em qualquer idade.<\/p>\n<p>MODO DE USAR<br \/>\nAdministrar por via oral.<br \/>\nSuplementa\u00e7\u00e3o inicial (primeiros 42 dias): 1 comprimido para cada 25 kg de peso corporal diariamente.<br \/>\nManuten\u00e7\u00e3o (ap\u00f3s 42 dias): \u00bd comprimido para cada 25 kg de peso corporal diariamente ou 1 comprimido para cada 25 kg de peso corporal em dias alternados.<\/p>\n<p>COMPOSI\u00c7\u00c3O<br \/>\nSulfato de condroitina, sulfato de glicosamina, col\u00e1geno hidrolisado (5%), estearato de magn\u00e9sio, zinco amino\u00e1cido quelato, mangan\u00eas amino\u00e1cido quelato, aroma de bacon, hidrolisado de f\u00edgado de su\u00ednos (palatabilizante) e extrato de parede de levedura.<\/p>\n","protected":false},"featured_media":3652,"comment_status":"open","ping_status":"closed","template":"","meta":[],"product_brand":[],"product_cat":[299],"product_tag":[],"class_list":{"0":"post-3668","1":"product","2":"type-product","3":"status-publish","4":"has-post-thumbnail","6":"product_cat-suplemento-alimentar","8":"first","9":"instock","10":"shipping-taxable","11":"purchasable","12":"product-type-simple"},"_links":{"self":[{"href":"https:\/\/apresentacaocontentmkt.com.br\/vetpetline\/wp-json\/wp\/v2\/product\/3668","targetHints":{"allow":["GET"]}}],"collection":[{"href":"https:\/\/apresentacaocontentmkt.com.br\/vetpetline\/wp-json\/wp\/v2\/product"}],"about":[{"href":"https:\/\/apresentacaocontentmkt.com.br\/vetpetline\/wp-json\/wp\/v2\/types\/product"}],"replies":[{"embeddable":true,"href":"https:\/\/apresentacaocontentmkt.com.br\/vetpetline\/wp-json\/wp\/v2\/comments?post=3668"}],"wp:featuredmedia":[{"embeddable":true,"href":"https:\/\/apresentacaocontentmkt.com.br\/vetpetline\/wp-json\/wp\/v2\/media\/3652"}],"wp:attachment":[{"href":"https:\/\/apresentacaocontentmkt.com.br\/vetpetline\/wp-json\/wp\/v2\/media?parent=3668"}],"wp:term":[{"taxonomy":"product_brand","embeddable":true,"href":"https:\/\/apresentacaocontentmkt.com.br\/vetpetline\/wp-json\/wp\/v2\/product_brand?post=3668"},{"taxonomy":"product_cat","embeddable":true,"href":"https:\/\/apresentacaocontentmkt.com.br\/vetpetline\/wp-json\/wp\/v2\/product_cat?post=3668"},{"taxonomy":"product_tag","embeddable":true,"href":"https:\/\/apresentacaocontentmkt.com.br\/vetpetline\/wp-json\/wp\/v2\/product_tag?post=3668"}],"curies":[{"name":"wp","href":"https:\/\/api.w.org\/{rel}","templated":true}]}}