{"id":3768,"date":"2025-11-19T15:09:45","date_gmt":"2025-11-19T18:09:45","guid":{"rendered":"https:\/\/apresentacaocontentmkt.com.br\/vetpetline\/produto\/seniox-t-avert-30-capsulas-suplemento-para-cachorro\/"},"modified":"2025-11-19T15:09:45","modified_gmt":"2025-11-19T18:09:45","slug":"seniox-t-avert-30-capsulas-suplemento-para-cachorro","status":"publish","type":"product","link":"https:\/\/apresentacaocontentmkt.com.br\/vetpetline\/produto\/seniox-t-avert-30-capsulas-suplemento-para-cachorro\/","title":{"rendered":"Seniox T Avert 30 C\u00e1psulas Suplemento Para Cachorro"},"content":{"rendered":"","protected":false},"excerpt":{"rendered":"<p>Seniox T Avert 30 C\u00e1psulas Suplemento para Cachorro<\/p>\n<p>Todo animal de estima\u00e7\u00e3o precisa de vitaminas e nutrientes ao longo de suas vidas para que tenham uma fase adulta muito mais saud\u00e1vel e tranquila, uma vez que a falta deles prejudica o bom funcionamento do metabolismo e do organismo. E para ajudar os c\u00e3es e gatos a manterem sua sa\u00fade, a Avert desenvolveu o Seniox T. Esse \u00e9 um medicamento para cachorro e gato que atua como um suplemento alimentar.<\/p>\n<p>&#8211; Indicada para c\u00e3es e gatos;<br \/>\n&#8211; Formulado com \u00e1cido graxos essenciais (EPA e DHA) e \u00f4mega 3;<br \/>\n&#8211; Suplemento nutricional;<br \/>\n&#8211; Derivados de \u00f3leos de peixes marinhos de \u00e1guas frias;<br \/>\n&#8211; Cont\u00e9m vitamina C, E e sel\u00eanio;<br \/>\n&#8211; C\u00e1psulas gelatinosas;<br \/>\n&#8211; \u00d4mega 3;<br \/>\n&#8211; \u00c1cidos graxos essenciais (EPA + DHA);<br \/>\n&#8211; Sel\u00eanio;<br \/>\n&#8211; Vitaminas C e E;<br \/>\n&#8211; Atente-se \u00e0 Seniox T bula e\/ou informa\u00e7\u00f5es da embalagem;<br \/>\n&#8211; Consulte um m\u00e9dico veterin\u00e1rio de sua confian\u00e7a para o uso apropriado deste produto;<br \/>\n&#8211; Dispon\u00edvel em embalagem com 30 c\u00e1psulas gelatinosas.<\/p>\n","protected":false},"featured_media":3756,"comment_status":"open","ping_status":"closed","template":"","meta":[],"product_brand":[],"product_cat":[299],"product_tag":[],"class_list":{"0":"post-3768","1":"product","2":"type-product","3":"status-publish","4":"has-post-thumbnail","6":"product_cat-suplemento-alimentar","8":"first","9":"instock","10":"shipping-taxable","11":"purchasable","12":"product-type-simple"},"_links":{"self":[{"href":"https:\/\/apresentacaocontentmkt.com.br\/vetpetline\/wp-json\/wp\/v2\/product\/3768","targetHints":{"allow":["GET"]}}],"collection":[{"href":"https:\/\/apresentacaocontentmkt.com.br\/vetpetline\/wp-json\/wp\/v2\/product"}],"about":[{"href":"https:\/\/apresentacaocontentmkt.com.br\/vetpetline\/wp-json\/wp\/v2\/types\/product"}],"replies":[{"embeddable":true,"href":"https:\/\/apresentacaocontentmkt.com.br\/vetpetline\/wp-json\/wp\/v2\/comments?post=3768"}],"wp:featuredmedia":[{"embeddable":true,"href":"https:\/\/apresentacaocontentmkt.com.br\/vetpetline\/wp-json\/wp\/v2\/media\/3756"}],"wp:attachment":[{"href":"https:\/\/apresentacaocontentmkt.com.br\/vetpetline\/wp-json\/wp\/v2\/media?parent=3768"}],"wp:term":[{"taxonomy":"product_brand","embeddable":true,"href":"https:\/\/apresentacaocontentmkt.com.br\/vetpetline\/wp-json\/wp\/v2\/product_brand?post=3768"},{"taxonomy":"product_cat","embeddable":true,"href":"https:\/\/apresentacaocontentmkt.com.br\/vetpetline\/wp-json\/wp\/v2\/product_cat?post=3768"},{"taxonomy":"product_tag","embeddable":true,"href":"https:\/\/apresentacaocontentmkt.com.br\/vetpetline\/wp-json\/wp\/v2\/product_tag?post=3768"}],"curies":[{"name":"wp","href":"https:\/\/api.w.org\/{rel}","templated":true}]}}