{"id":3945,"date":"2025-11-19T19:06:45","date_gmt":"2025-11-19T22:06:45","guid":{"rendered":"https:\/\/apresentacaocontentmkt.com.br\/vetpetline\/produto\/revolution-para-gatos-caixa-com-03-pipetas\/"},"modified":"2025-11-19T19:06:45","modified_gmt":"2025-11-19T22:06:45","slug":"revolution-para-gatos-caixa-com-03-pipetas","status":"publish","type":"product","link":"https:\/\/apresentacaocontentmkt.com.br\/vetpetline\/produto\/revolution-para-gatos-caixa-com-03-pipetas\/","title":{"rendered":"Revolution Para Gatos &#8211; Caixa Com 03 Pipetas"},"content":{"rendered":"","protected":false},"excerpt":{"rendered":"<p>Revolution Para Gatos &#8211; Caixa Com 03 Pipetas \u00e9 a solu\u00e7\u00e3o ideal para manter seu gato saud\u00e1vel e livre de parasitas. Este produto da renomada marca Zoetis \u00e9 especialmente formulado para tratar, prevenir e controlar infesta\u00e7\u00f5es por pulgas, al\u00e9m de ser eficaz no controle da dermatite al\u00e9rgica por picada de pulgas (Dapp). Com um formato de tratamento em pipeta, cada unidade cont\u00e9m 0,75 mL, garantindo a dosagem adequada para o seu felino. Al\u00e9m de combater vermes intestinais e piolhos, Revolution tamb\u00e9m atua como um auxiliar no controle de carrapatos e trata sarna de ouvidos e sarna sarc\u00f3ptica. Com 3 unidades por embalagem, voc\u00ea ter\u00e1 o suporte necess\u00e1rio para a sa\u00fade do seu gato. Produto novo e seguro, registrado pela Inmetro\/Anvisa, assegurando a qualidade e efic\u00e1cia do tratamento. Mantenha seu amigo peludo protegido e confort\u00e1vel com Revolution!<\/p>\n","protected":false},"featured_media":3928,"comment_status":"open","ping_status":"closed","template":"","meta":[],"product_brand":[],"product_cat":[304],"product_tag":[],"class_list":{"0":"post-3945","1":"product","2":"type-product","3":"status-publish","4":"has-post-thumbnail","6":"product_cat-anti-coceira","8":"first","9":"instock","10":"shipping-taxable","11":"purchasable","12":"product-type-simple"},"_links":{"self":[{"href":"https:\/\/apresentacaocontentmkt.com.br\/vetpetline\/wp-json\/wp\/v2\/product\/3945","targetHints":{"allow":["GET"]}}],"collection":[{"href":"https:\/\/apresentacaocontentmkt.com.br\/vetpetline\/wp-json\/wp\/v2\/product"}],"about":[{"href":"https:\/\/apresentacaocontentmkt.com.br\/vetpetline\/wp-json\/wp\/v2\/types\/product"}],"replies":[{"embeddable":true,"href":"https:\/\/apresentacaocontentmkt.com.br\/vetpetline\/wp-json\/wp\/v2\/comments?post=3945"}],"wp:featuredmedia":[{"embeddable":true,"href":"https:\/\/apresentacaocontentmkt.com.br\/vetpetline\/wp-json\/wp\/v2\/media\/3928"}],"wp:attachment":[{"href":"https:\/\/apresentacaocontentmkt.com.br\/vetpetline\/wp-json\/wp\/v2\/media?parent=3945"}],"wp:term":[{"taxonomy":"product_brand","embeddable":true,"href":"https:\/\/apresentacaocontentmkt.com.br\/vetpetline\/wp-json\/wp\/v2\/product_brand?post=3945"},{"taxonomy":"product_cat","embeddable":true,"href":"https:\/\/apresentacaocontentmkt.com.br\/vetpetline\/wp-json\/wp\/v2\/product_cat?post=3945"},{"taxonomy":"product_tag","embeddable":true,"href":"https:\/\/apresentacaocontentmkt.com.br\/vetpetline\/wp-json\/wp\/v2\/product_tag?post=3945"}],"curies":[{"name":"wp","href":"https:\/\/api.w.org\/{rel}","templated":true}]}}