{"id":4268,"date":"2025-11-23T14:49:06","date_gmt":"2025-11-23T17:49:06","guid":{"rendered":"https:\/\/apresentacaocontentmkt.com.br\/vetpetline\/produto\/aliv-pet-150-mg-suplemento-alimentar-caes-cao-gatos-40-cps\/"},"modified":"2025-11-23T14:55:02","modified_gmt":"2025-11-23T17:55:02","slug":"aliv-pet-150-mg-suplemento-alimentar-caes-cao-gatos-40-cps","status":"publish","type":"product","link":"https:\/\/apresentacaocontentmkt.com.br\/vetpetline\/produto\/aliv-pet-150-mg-suplemento-alimentar-caes-cao-gatos-40-cps\/","title":{"rendered":"Aliv Pet 150 Mg Suplemento Alimentar C\u00e3es C\u00e3o Gatos 40 Cps"},"content":{"rendered":"","protected":false},"excerpt":{"rendered":"<p>Suplemento Alimentar C\u00e3es e Gatos Aliv Pet 150mg Com 40 Comprimidos<\/p>\n<p>&#8211; Indicado para c\u00e3es e gatos;<br \/>\n&#8211; Reduz o desconforto cut\u00e2neo;<br \/>\n&#8211; Comprimidos saborosos de f\u00e1cil aceita\u00e7\u00e3o;<br \/>\n&#8211; Alta performance para o equil\u00edbrio da pele.<\/p>\n<p>O Aliv Pet 150mg \u00e9 um suplemento alimentar desenvolvido para oferecer suporte eficaz \u00e0 sa\u00fade da pele e ao bem-estar geral de c\u00e3es e gatos. Com tecnologia avan\u00e7ada e ingredientes de alta qualidade, ele \u00e9 ideal para pets que enfrentam desconfortos cut\u00e2neos ou que precisam de aux\u00edlio cont\u00ednuo para manter a qualidade de vida. A sua f\u00f3rmula completa \u00e9 indicada para animais de todas as idades e tamanhos, trazendo conforto e al\u00edvio de forma pr\u00e1tica e segura.<\/p>\n<p>O grande diferencial do Aliv Pet est\u00e1 na presen\u00e7a do ativo Opti-PEA active\u00ae, um composto inovador amplamente reconhecido por sua a\u00e7\u00e3o no equil\u00edbrio do organismo, especialmente em situa\u00e7\u00f5es que envolvem irrita\u00e7\u00f5es na pele.<\/p>\n<p>Seu uso promove uma resposta positiva no bem-estar geral do pet, sem efeitos colaterais conhecidos, quando administrado conforme as orienta\u00e7\u00f5es.<\/p>\n<p>Al\u00e9m dos benef\u00edcios funcionais, Aliv Pet 150mg se destaca pela facilidade na administra\u00e7\u00e3o: seus comprimidos bissulcados e saborizados tornam o momento da suplementa\u00e7\u00e3o mais simples para os tutores e mais agrad\u00e1vel para os animais. Uma solu\u00e7\u00e3o moderna, segura e eficaz para o cuidado di\u00e1rio de c\u00e3es e gatos.<\/p>\n","protected":false},"featured_media":4254,"comment_status":"open","ping_status":"closed","template":"","meta":[],"product_brand":[],"product_cat":[299],"product_tag":[],"class_list":{"0":"post-4268","1":"product","2":"type-product","3":"status-publish","4":"has-post-thumbnail","6":"product_cat-suplemento-alimentar","8":"first","9":"instock","10":"shipping-taxable","11":"purchasable","12":"product-type-simple"},"_links":{"self":[{"href":"https:\/\/apresentacaocontentmkt.com.br\/vetpetline\/wp-json\/wp\/v2\/product\/4268","targetHints":{"allow":["GET"]}}],"collection":[{"href":"https:\/\/apresentacaocontentmkt.com.br\/vetpetline\/wp-json\/wp\/v2\/product"}],"about":[{"href":"https:\/\/apresentacaocontentmkt.com.br\/vetpetline\/wp-json\/wp\/v2\/types\/product"}],"replies":[{"embeddable":true,"href":"https:\/\/apresentacaocontentmkt.com.br\/vetpetline\/wp-json\/wp\/v2\/comments?post=4268"}],"wp:featuredmedia":[{"embeddable":true,"href":"https:\/\/apresentacaocontentmkt.com.br\/vetpetline\/wp-json\/wp\/v2\/media\/4254"}],"wp:attachment":[{"href":"https:\/\/apresentacaocontentmkt.com.br\/vetpetline\/wp-json\/wp\/v2\/media?parent=4268"}],"wp:term":[{"taxonomy":"product_brand","embeddable":true,"href":"https:\/\/apresentacaocontentmkt.com.br\/vetpetline\/wp-json\/wp\/v2\/product_brand?post=4268"},{"taxonomy":"product_cat","embeddable":true,"href":"https:\/\/apresentacaocontentmkt.com.br\/vetpetline\/wp-json\/wp\/v2\/product_cat?post=4268"},{"taxonomy":"product_tag","embeddable":true,"href":"https:\/\/apresentacaocontentmkt.com.br\/vetpetline\/wp-json\/wp\/v2\/product_tag?post=4268"}],"curies":[{"name":"wp","href":"https:\/\/api.w.org\/{rel}","templated":true}]}}