{"id":4351,"date":"2025-11-23T18:34:21","date_gmt":"2025-11-23T21:34:21","guid":{"rendered":"https:\/\/apresentacaocontentmkt.com.br\/vetpetline\/produto\/nutricart-expert-1000-mg-suplemento-alimentar-caes-30-cp\/"},"modified":"2025-11-23T19:21:51","modified_gmt":"2025-11-23T22:21:51","slug":"nutricart-expert-1000-mg-suplemento-alimentar-caes-30-cp","status":"publish","type":"product","link":"https:\/\/apresentacaocontentmkt.com.br\/vetpetline\/produto\/nutricart-expert-1000-mg-suplemento-alimentar-caes-30-cp\/","title":{"rendered":"Nutricart Expert 1000 Mg Suplemento Alimentar C\u00e3es 30 Cp"},"content":{"rendered":"","protected":false},"excerpt":{"rendered":"<p>Nutricart Expert Suplemento Cachorro C\u00e3o C\u00e3es Animal 1000 mg 30 Comprimidos<\/p>\n<p>COMPOSI\u00c7\u00c3O<br \/>\nEstearato de Magn\u00e9sio, Sulfato de Condroitina, Sulfato de Glicosamina, Mangan\u00eas Amino\u00e1cido Quelato, Aroma de Carne, Magn\u00e9sio Amino\u00e1cido Quelato, Vitamina C, Celulose Microcristalina, Col\u00e1geno de Frango Tipo II N\u00e3o Desnaturado, Hidrolisado de F\u00edgado Su\u00edno Desidratado.<\/p>\n<p>Col\u00e1geno Tipo II N\u00e3o Desnaturado (M\u00edn)&#8230;..40 mg<br \/>\nMagn\u00e9sio (M\u00edn)&#8230;&#8230;&#8230;&#8230;&#8230;&#8230;&#8230;&#8230;&#8230;.1,95 mg<br \/>\nMangan\u00eas (M\u00edn)&#8230;&#8230;&#8230;&#8230;&#8230;&#8230;&#8230;&#8230;&#8230;.2,25 mg<br \/>\nSulfato de Condroitina (M\u00edn)&#8230;&#8230;&#8230;&#8230;..200 mg<br \/>\nSulfato de Glicosamina (M\u00edn)&#8230;&#8230;&#8230;&#8230;..300 mg<br \/>\nVitamina C (M\u00edn)&#8230;&#8230;&#8230;&#8230;&#8230;&#8230;&#8230;&#8230;..3,67 mg<\/p>\n<p>MODO DE USAR<br \/>\nSuplemento palat\u00e1vel de uso oral em comprimidos de 1.000mg.<\/p>\n<p>DOSAGEM<br \/>\n01 a 10 Kg de peso &#8211; 1\/2 (meio) comprimido por dia.<br \/>\nAcima de 11Kg &#8211; 1 (um) comprimido por dia independente do peso.<\/p>\n<p>Apresenta\u00e7\u00e3o: Frasco 30cpr.<\/p>\n","protected":false},"featured_media":4344,"comment_status":"open","ping_status":"closed","template":"","meta":[],"product_brand":[],"product_cat":[299],"product_tag":[],"class_list":{"0":"post-4351","1":"product","2":"type-product","3":"status-publish","4":"has-post-thumbnail","6":"product_cat-suplemento-alimentar","8":"first","9":"instock","10":"shipping-taxable","11":"purchasable","12":"product-type-simple"},"_links":{"self":[{"href":"https:\/\/apresentacaocontentmkt.com.br\/vetpetline\/wp-json\/wp\/v2\/product\/4351","targetHints":{"allow":["GET"]}}],"collection":[{"href":"https:\/\/apresentacaocontentmkt.com.br\/vetpetline\/wp-json\/wp\/v2\/product"}],"about":[{"href":"https:\/\/apresentacaocontentmkt.com.br\/vetpetline\/wp-json\/wp\/v2\/types\/product"}],"replies":[{"embeddable":true,"href":"https:\/\/apresentacaocontentmkt.com.br\/vetpetline\/wp-json\/wp\/v2\/comments?post=4351"}],"wp:featuredmedia":[{"embeddable":true,"href":"https:\/\/apresentacaocontentmkt.com.br\/vetpetline\/wp-json\/wp\/v2\/media\/4344"}],"wp:attachment":[{"href":"https:\/\/apresentacaocontentmkt.com.br\/vetpetline\/wp-json\/wp\/v2\/media?parent=4351"}],"wp:term":[{"taxonomy":"product_brand","embeddable":true,"href":"https:\/\/apresentacaocontentmkt.com.br\/vetpetline\/wp-json\/wp\/v2\/product_brand?post=4351"},{"taxonomy":"product_cat","embeddable":true,"href":"https:\/\/apresentacaocontentmkt.com.br\/vetpetline\/wp-json\/wp\/v2\/product_cat?post=4351"},{"taxonomy":"product_tag","embeddable":true,"href":"https:\/\/apresentacaocontentmkt.com.br\/vetpetline\/wp-json\/wp\/v2\/product_tag?post=4351"}],"curies":[{"name":"wp","href":"https:\/\/api.w.org\/{rel}","templated":true}]}}