{"id":4417,"date":"2025-11-23T19:18:15","date_gmt":"2025-11-23T22:18:15","guid":{"rendered":"https:\/\/apresentacaocontentmkt.com.br\/vetpetline\/produto\/artrin-senior-suplemento-ginseng-para-caes-idosos-30-comp\/"},"modified":"2025-11-23T19:22:49","modified_gmt":"2025-11-23T22:22:49","slug":"artrin-senior-suplemento-ginseng-para-caes-idosos-30-comp","status":"publish","type":"product","link":"https:\/\/apresentacaocontentmkt.com.br\/vetpetline\/produto\/artrin-senior-suplemento-ginseng-para-caes-idosos-30-comp\/","title":{"rendered":"Artrin S\u00eanior Suplemento Ginseng Para C\u00e3es Idosos 30 Comp"},"content":{"rendered":"","protected":false},"excerpt":{"rendered":"<p>A Artrin S\u00eanior Brouwer \u00e9 indicado para C\u00e3o Cachorros E Gatos idosos. Esse condoprotetor \u00e9 um regenerador da cartilagem articular, que diminui a inflama\u00e7\u00e3o e a dor, proporcionando mais conforto e qualidade de vida para os animais. Al\u00e9m disso, os comprimidos s\u00e3o palat\u00e1veis, facilitando a administra\u00e7\u00e3o.<\/p>\n<p>Esse suplemento \u00e9 formulado com ingredientes de alta qualidade, como glucosamina, sulfato de condroitina e ginseng, que atuam em conjunto para promover a sa\u00fade das articula\u00e7\u00f5es e estimular o sistema imunol\u00f3gico. Al\u00e9m disso, possui a\u00e7\u00e3o que retarda o envelhecimento.<\/p>\n<p>A Artrin S\u00eanior Brouwer \u00e9 recomendada para c\u00e3es e gatos de todos os tamanhos e pode ser utilizada como parte do tratamento e preven\u00e7\u00e3o de doen\u00e7as comuns em animais idosos. Consulte sempre um m\u00e9dico-veterin\u00e1rio para obter a dosagem recomendada para o seu pet.<\/p>\n","protected":false},"featured_media":4410,"comment_status":"open","ping_status":"closed","template":"","meta":[],"product_brand":[],"product_cat":[299],"product_tag":[],"class_list":{"0":"post-4417","1":"product","2":"type-product","3":"status-publish","4":"has-post-thumbnail","6":"product_cat-suplemento-alimentar","8":"first","9":"instock","10":"shipping-taxable","11":"purchasable","12":"product-type-simple"},"_links":{"self":[{"href":"https:\/\/apresentacaocontentmkt.com.br\/vetpetline\/wp-json\/wp\/v2\/product\/4417","targetHints":{"allow":["GET"]}}],"collection":[{"href":"https:\/\/apresentacaocontentmkt.com.br\/vetpetline\/wp-json\/wp\/v2\/product"}],"about":[{"href":"https:\/\/apresentacaocontentmkt.com.br\/vetpetline\/wp-json\/wp\/v2\/types\/product"}],"replies":[{"embeddable":true,"href":"https:\/\/apresentacaocontentmkt.com.br\/vetpetline\/wp-json\/wp\/v2\/comments?post=4417"}],"wp:featuredmedia":[{"embeddable":true,"href":"https:\/\/apresentacaocontentmkt.com.br\/vetpetline\/wp-json\/wp\/v2\/media\/4410"}],"wp:attachment":[{"href":"https:\/\/apresentacaocontentmkt.com.br\/vetpetline\/wp-json\/wp\/v2\/media?parent=4417"}],"wp:term":[{"taxonomy":"product_brand","embeddable":true,"href":"https:\/\/apresentacaocontentmkt.com.br\/vetpetline\/wp-json\/wp\/v2\/product_brand?post=4417"},{"taxonomy":"product_cat","embeddable":true,"href":"https:\/\/apresentacaocontentmkt.com.br\/vetpetline\/wp-json\/wp\/v2\/product_cat?post=4417"},{"taxonomy":"product_tag","embeddable":true,"href":"https:\/\/apresentacaocontentmkt.com.br\/vetpetline\/wp-json\/wp\/v2\/product_tag?post=4417"}],"curies":[{"name":"wp","href":"https:\/\/api.w.org\/{rel}","templated":true}]}}